84*h = 387. Calculate v(h).
1
Let t(l) = -l**3 - 5*l**2 + 6*l - 4. Let p = 89 - 57. Suppose -11*k - 98 = -p. Determine t(k).
-4
Let c(t) = t**2 + t. Let o(d) = -299*d - 2386. Let y be o(-8). Give c(y).
42
Let d(l) = -l**3 - 5*l**2 - 2*l + 4. Let q(g) = 15*g - 2. Let j be q(1). Let o(v) = -j*v**2 + v**3 - 18 - 30*v + 21*v + 10*v. Let s be o(13). What is d(s)?
14
Let m(v) = -80*v + 40*v + 39*v - 980 + 988. Determine m(2).
6
Suppose 120*d + 291 = 1131. Let h(k) = 10*k - 13. What is h(d)?
57
Let w(g) = g**2 - 2. Let m(b) = b - 5. Let c be m(10). Suppose 10 = a - 0*v + 2*v, -a = -3*v + c. Suppose -8*s - 8 = -a*s. Determine w(s).
2
Let r(a) = 3*a**2 - 18*a + 22. Let m(t) be the third derivative of -t**5/15 + 7*t**4/8 - 11*t**3/3 + 62*t**2. Let i(b) = 4*m(b) + 5*r(b). Calculate i(-9).
-5
Suppose 164 = r + 399. Let j be 7 + r/35 + (-19)/(-7). Let q(m) = -2*m - 2 + 4*m**3 - j*m**3 - 4*m - 1 + 5*m**2. Determine q(-6).
-3
Suppose 132 = -g - g. Suppose -103 = 2*l + 17. Let a = g - l. Let w(f) = -2*f - 3. Give w(a).
9
Let s(t) = -2*t - 15. Suppose 1259 = -3*a - l, 2*a = -3*l - 747 - 83. Let d = a + 409. Give s(d).
9
Let f(y) = 2 + 11 + 123*y - 5 - 129*y - 7. Suppose 3*x + 5 - 2 = 0. What is f(x)?
7
Suppose -5*c + 21 = p, 16*c - 9 = 15*c - p. Let f(r) = -2*r**2 + 7*r - 3. Calculate f(c).
0
Let t(n) = 3*n - 4. Let r(k) = -6*k + 4 + 4 + 1. Let p(a) = 3*r(a) + 5*t(a). Let x = -118 - -124. What is p(x)?
-11
Let a(m) = -2*m**2 - 77 + 0 + 76 - 6*m. Let o = 6 - 11. Give a(o).
-21
Let l(f) = -19*f**3 + 11*f**2 - 14*f - 11. Let x(m) = -41*m**3 + 22*m**2 - 28*m - 27. Let s(r) = 13*l(r) - 6*x(r). Calculate s(10).
-21
Suppose -q + 176 = 3*q. Let c = -49 + q. Let p(h) = 4*h + 5*h**2 - 9*h**2 + 5*h**2 + 2*h. What is p(c)?
-5
Let b(h) = h**3 - 12*h**2 - 27*h + 8. Suppose 3*d = -3, -5*t - 41*d + 44*d + 73 = 0. What is b(t)?
22
Let s(t) = -t**3 + t + 3. Let p = -2827 - -2825. Give s(p).
9
Let g be 18/22 + -1 + 2047/(-506)*-4. Let v(p) = p**3 - 15*p**2 - 17*p + 23. Calculate v(g).
7
Let p(n) = n**2 - 9*n + 8. Let x be p(7). Let l(y) = -9*y + 258. Let s(k) = 8*k - 232. Let r(j) = 9*l(j) + 10*s(j). Give r(x).
8
Let u(q) = q**3 - 7*q**2 - 10*q + 10. Let l(c) = 21*c + 17. Let r be l(4). Let y = -71 + r. Let p be y/70 - 106/(-14). What is u(p)?
-6
Let o(g) = g**2 - 2*g - 3. Let x be (-195 + 12)*(-4)/(-6). Let y = x + 126. Determine o(y).
5
Let n(t) = 10*t + 2. Let v be n(0). Suppose -12 = -4*s + v*q + 2*q, 3*s + 5*q + 7 = 0. Let y(r) be the second derivative of r**3/6 - 15*r. Determine y(s).
1
Let q(f) = -11*f - 282. Let r be 456/40 - 12 - (-1053)/(-45). What is q(r)?
-18
Let f(b) be the first derivative of b**6/360 + b**5/8 + 3*b**4/8 + 226*b**3/3 - 213. Let g(x) be the third derivative of f(x). Give g(-14).
-5
Let y(j) be the second derivative of j**4/12 - j**3 - 2*j**2 - 425*j. Suppose 5 = 5*k - 4*k. What is y(k)?
-9
Let i(z) = -z**3 - 10*z**2 + 10*z + 16. Let t(o) = -2*o**2 + 41*o - 116. Let x be t(3). Calculate i(x).
27
Let w(m) be the second derivative of -m**4/4 - 4*m**3/3 + 4*m**2 + 538*m + 2. Give w(-4).
-8
Let h be (0 - -1)/(-1)*(35 + -55). Suppose -48*o + h*o + 56 = 0. Let t(i) = 0*i + 5*i**2 - 4*i - 2*i**2 + i. Determine t(o).
6
Let w be ((-84)/56)/(1/(-4)). Let f(k) = 48*k**2 + w*k + 50*k**2 - 97*k**2 + 4. What is f(-6)?
4
Suppose 5*b = 5*r - 850, -70 = -r + 5*b + 120. Let i be (r/9 - 10) + (-2)/(-3). Let g(c) = -c**3 + 9*c**2 - c + 12. Give g(i).
3
Let z(v) = -71*v + 47. Let p(f) = 86*f - 56. Let b(k) = -5*p(k) - 6*z(k). Suppose -2*u = -6*u - 12. Calculate b(u).
10
Let u(l) = l**2 - 16*l + 6. Let g(d) = -d**2 + 19*d - 7. Let k(h) = -5*g(h) - 6*u(h). Suppose y = 6 - 0. Let j = y + -1. What is k(j)?
-21
Let q(m) = -25*m**2 - 29*m - 9. Let j(y) = -16*y**2 - 20*y - 6. Let h(c) = 10*j(c) - 7*q(c). Give h(-1).
15
Let z(o) = 2*o**2 + 41*o - 21. Let t = 5542 - 5563. Give z(t).
0
Let l be ((-18)/(-12))/((-6)/(-8)). Let d(u) = 13 + u - 2*u - 4*u**2 + u**2 + u**2 - 11. Determine d(l).
-8
Let g be 39/11 - (-198)/(-363). Let s(x) be the third derivative of -2/3*x**g + 3*x**2 + 1/120*x**6 + 0 + 0*x + 1/10*x**5 + 0*x**4. Calculate s(-6).
-4
Let o(t) = -t - 2. Suppose 7*a = 9*a - 4, 3*f - 3*a + 18 = 0. Let x be (3/f)/((-1)/8) + -3. What is o(x)?
-5
Let p(r) = 2*r**3 - 6*r**2 - 3*r + 8. Let b be ((-225)/(-30))/(2*9/12). Determine p(b).
93
Let d(f) be the first derivative of f**4/4 + 52*f**3/3 + 3*f**2/2 + 157*f - 6640. What is d(-52)?
1
Let c(v) be the second derivative of -v**5/20 - 7*v**4/12 + 17*v**3/6 + v**2/2 + 1498*v. Determine c(-9).
10
Let r be 136/(-10)*10/1. Let f = r + 219. Let t = -77 + f. Let w(y) = y**2 - 6*y + 4. Calculate w(t).
4
Suppose 20 = -4*y - 4*g, 0 = -2*y - y - g - 25. Let o be ((-4)/6)/(y/(-75)). Let d(a) be the first derivative of a**2/2 - 20. Determine d(o).
-5
Let t be (72/40)/(((-4)/65)/(-4)). Let o = t - 109. Let q(d) = -d**2 + 7*d + 5. Calculate q(o).
-3
Let i(h) = 5*h - 43. Let n(t) = -2*t + 23. Let q(a) = -a**3 + 22*a**2 - 56*a - 12. Let m be q(19). Let d(w) = m*n(w) + 4*i(w). What is d(2)?
1
Suppose -89*u + 138*u = 588. Let d(t) = t**3 - 10*t**2 - 24*t - 13. Determine d(u).
-13
Let r(y) be the first derivative of 0*y + 1/360*y**6 - 14/3*y**3 - 41 + 0*y**4 + 0*y**2 - 1/12*y**5. Let p(l) be the third derivative of r(l). Give p(10).
0
Suppose -2*q = 10 + 14. Let y = -8 - q. Let f(d) = 6*d + 25. Let o(b) = -b - 5. Let m(c) = -2*f(c) - 11*o(c). Calculate m(y).
1
Let o(i) = i**2 - 4*i - 7. Let u(n) = -n**3 + n**2 + 4*n + 12. Let c be u(0). Suppose 4*q = p - 30 + c, 12 = -4*q. What is o(p)?
5
Let k(u) = -u**3 - 91*u**2 + 9*u - 9. Let r(t) = 3*t**3 + 197*t**2 - 19*t + 19. Let p(d) = 13*k(d) + 6*r(d). What is p(1)?
4
Suppose 5*k - 83 = -d - 64, 90 = 3*d + 4*k. Let q(c) = c**2 - 34*c - 10. Calculate q(d).
-10
Let d = 7774 + -7775. Let y(j) = -17*j**3 - 2*j**2 + 1. Calculate y(d).
16
Let q(c) = -30 - 5*c + 52 - 5*c - 25. Suppose 5*d = 3*d - 6. Determine q(d).
27
Let w(c) be the third derivative of -1/3*c**3 + 0*c - 2*c**2 - 1/24*c**4 + 0. Let p(h) = -h**3 + 21*h**2 + 46*h + 5. Let v be p(23). Give w(v).
-7
Let k(o) = -40*o**2 - 100 + 87*o**2 - 45*o**2 - 9*o - 14*o. Determine k(15).
5
Let n(m) = m**3 + 15*m**2 + 2*m + 42. Let k = 24814 - 24829. Give n(k).
12
Suppose 8 = -3*g + 71. Let m be (174/g - 8)/((-1)/(-21)). Let w(x) = -x + 4. Give w(m).
-2
Let y(c) be the first derivative of -c**5/120 - 29*c**3/3 - 14. Let o(q) be the third derivative of y(q). Let r = -41 + 34. Give o(r).
7
Let a(b) = 85*b**2 + 42*b + 37. Let v(p) = -16*p**2 - 8*p - 7. Let z(m) = 2*a(m) + 11*v(m). Determine z(-1).
-5
Let l(q) = -12 - 70 - 11 - 6*q**2 + 53 - 70*q. Calculate l(-11).
4
Suppose -7*y + 5 = -6*y. Let a(p) = 4*p**3 - 11*p**3 - y*p**3. Give a(-1).
12
Let v(z) be the second derivative of z**7/2520 + z**6/720 - z**5/40 - z**4/6 - z**2 - 40*z - 1. Let t(x) be the third derivative of v(x). Calculate t(-4).
9
Suppose 0 = -2*x - 12, -2*r + 5*x + 101 = 111. Let f(a) = a**3 + 21*a**2 + 21*a + 8. Give f(r).
-12
Let s = 6032 + -6029. Let j(t) = 12 + 0*t - 8 + 4*t - 5*t. What is j(s)?
1
Let w(k) = 6*k + 39 - 5*k - 60 - 4*k. Let v(h) = -6*h - 45. Let o(y) = 4*v(y) - 9*w(y). Give o(-6).
-9
Let g(q) be the second derivative of q**3/6 - 11*q**2 - 2*q + 374. Calculate g(15).
-7
Let a(p) = 3*p**2 - p. Let n = -292 - -293. Let j(z) = 13*z**2 - 12*z - 11. Let g(x) = n*j(x) - 4*a(x). Calculate g(9).
-2
Let k(f) = -6*f - 46. Let p(w) = -14*w**3 - w**2 + 13*w - 14. Let y be p(1). Give k(y).
50
Let d be 0/(-6 + (-5 - -7) + 6). Suppose -2*f + 2*q = 6 - d, 5*f + 4*q + 60 = 0. Let j(h) = -2*h - 10. Give j(f).
6
Let r = 190 - 241. Let g = r + 45. Let k(m) = m**3 + 5*m**2 + m + 3. Give k(g).
-39
Let o(s) = -4*s + 7. Suppose 7 + 28 = -4*r + 3*w, 4*r + 5 = -3*w. What is o(r)?
27
Let m(w) = w**3 + 50*w**2 - 50*w + 48. Let s = 28441 + -28492. Determine m(s).
-3
Suppose -3*k + 2*s - 20 = 0, -6*s = -2*k - 2*k - 40. Let q(g) = -19*g - 67. Give q(k).
9
Let z(i) = 5*i + 165 - 231 + 132. Calculate z(-26).
-64
Let w(p) = -14*p - 10*p + 33*p + 1 - 17*p - 4*p - p**2. What is w(-6)?
37
Let g(w) be the first derivative of -w**3/3 - 6*w**2 + 6*w - 1315. Give g(-13).
-7
Let z(p) = p**3. Suppose -4*c = -0 - 4. Let s(o) = -6*o**3 + 4*o**2 + 8*o - 3. Let x(n) = c*s(n) + 5*z(n). Let l = -334 + 339. Give x(l).
12
Let i(g)